e prime factors of 1574700?
2, 3, 5, 29, 181
What are the prime factors of 30907755?
3, 5, 43, 15973
What are the prime factors of 6258830?
2, 5, 625883
List the prime factors of 3594986.
2, 107, 157
List the prime factors of 4090553.
4090553
What are the prime factors of 1294214?
2, 43, 101, 149
List the prime factors of 817289.
11, 191, 389
List the prime factors of 864380.
2, 5, 11, 3929
What are the prime factors of 903385?
5, 7, 53, 487
What are the prime factors of 268203?
3, 13, 23
List the prime factors of 192381.
3, 7, 9161
List the prime factors of 537311.
571, 941
List the prime factors of 1291027.
53, 24359
List the prime factors of 16228722.
2, 3, 673, 4019
What are the prime factors of 147447?
3, 43, 127
What are the prime factors of 168968?
2, 21121
List the prime factors of 915834.
2, 3, 152639
What are the prime factors of 149006?
2, 11, 13, 521
List the prime factors of 6305406.
2, 3, 1050901
What are the prime factors of 30595?
5, 29, 211
What are the prime factors of 1082959?
503, 2153
What are the prime factors of 8602135?
5, 1720427
What are the prime factors of 1602369?
3, 17, 3491
What are the prime factors of 31074?
2, 3, 5179
List the prime factors of 3808469.
7, 193, 2819
List the prime factors of 2256332.
2, 13, 43391
List the prime factors of 10613875.
5, 19, 41, 109
What are the prime factors of 7235432?
2, 23, 39323
What are the prime factors of 267021?
3, 29669
List the prime factors of 509335.
5, 23, 43, 103
List the prime factors of 1444417.
13, 111109
What are the prime factors of 4313252?
2, 149, 7237
What are the prime factors of 2063870?
2, 5, 179, 1153
What are the prime factors of 1448315?
5, 11, 17, 1549
What are the prime factors of 2027440?
2, 5, 25343
What are the prime factors of 122313?
3, 40771
List the prime factors of 2151997.
19, 191, 593
List the prime factors of 1887010.
2, 5, 188701
What are the prime factors of 4202897?
4202897
What are the prime factors of 30040429?
30040429
List the prime factors of 6525644.
2, 719, 2269
List the prime factors of 925367.
83, 11149
What are the prime factors of 299590?
2, 5, 29959
List the prime factors of 275066.
2, 11, 12503
List the prime factors of 54162.
2, 3, 17, 59
What are the prime factors of 6432561?
3, 37, 47, 137
What are the prime factors of 1865178?
2, 3, 7, 113, 131
What are the prime factors of 545498?
2, 43, 6343
What are the prime factors of 4980182?
2, 2490091
List the prime factors of 1616442.
2, 3, 67, 4021
What are the prime factors of 416757?
3, 11, 73, 173
List the prime factors of 322827.
3, 107609
What are the prime factors of 1089138?
2, 3, 181523
List the prime factors of 2341792.
2, 73181
List the prime factors of 7736506.
2, 3868253
List the prime factors of 187602.
2, 3, 31267
What are the prime factors of 796256?
2, 149, 167
List the prime factors of 282965.
5, 17, 3329
What are the prime factors of 967474?
2, 227, 2131
List the prime factors of 1701668.
2, 425417
What are the prime factors of 2733821?
17, 160813
List the prime factors of 3040634.
2, 127, 11971
List the prime factors of 9095175.
3, 5, 40423
What are the prime factors of 56510?
2, 5, 5651
List the prime factors of 200043.
3, 31, 239
List the prime factors of 28220795.
5, 19, 297061
What are the prime factors of 18929236?
2, 4732309
What are the prime factors of 245698?
2, 122849
What are the prime factors of 3159651?
3, 11, 95747
What are the prime factors of 18797912?
2, 7, 103, 3259
What are the prime factors of 333375?
3, 5, 7, 127
What are the prime factors of 1629761?
7, 232823
List the prime factors of 26362036.
2, 17, 387677
List the prime factors of 1241765.
5, 7, 17, 2087
List the prime factors of 28373860.
2, 5, 1418693
What are the prime factors of 2762483?
17, 162499
List the prime factors of 137499.
3, 45833
What are the prime factors of 2239924?
2, 23, 97, 251
List the prime factors of 2290826.
2, 29, 127, 311
List the prime factors of 4775559.
3, 23, 67, 1033
List the prime factors of 431543.
7, 8807
What are the prime factors of 1343719?
13, 7951
What are the prime factors of 3553459?
7, 13, 17, 2297
What are the prime factors of 11735033?
11735033
What are the prime factors of 612704?
2, 41, 467
List the prime factors of 6145887.
3, 11, 186239
What are the prime factors of 251849?
13, 19373
What are the prime factors of 812395?
5, 47, 3457
What are the prime factors of 638979?
3, 11, 17, 67
What are the prime factors of 591708?
2, 3, 13, 3793
What are the prime factors of 227640?
2, 3, 5, 7, 271
List the prime factors of 614367.
3, 13, 59, 89
What are the prime factors of 631717?
631717
List the prime factors of 1641308.
2, 181, 2267
What are the prime factors of 19254949?
7, 2750707
List the prime factors of 88032.
2, 3, 7, 131
List the prime factors of 1410483.
3, 470161
What are the prime factors of 892258?
2, 446129
List the prime factors of 187184.
2, 11699
What are the prime factors of 4491272?
2, 561409
What are the prime factors of 334209?
3, 101, 1103
List the prime factors of 226602.
2, 3, 12589
List the prime factors of 3784393.
47, 73, 1103
List the prime factors of 139448.
2, 17431
What are the prime factors of 5554382?
2, 1381, 2011
What are the prime factors of 8922764?
2, 2230691
List the prime factors of 297356.
2, 79, 941
What are the prime factors of 176535?
3, 5, 3923
List the prime factors of 28224712.
2, 3528089
List the prime factors of 14846436.
2, 3, 11, 12497
List the prime factors of 669386.
2, 334693
List the prime factors of 1287728.
2, 13, 41, 151
List the prime factors of 6904963.
13, 71, 7481
What are the prime factors of 16985005?
5, 3397001
List the prime factors of 1365453.
3, 151717
What are the prime factors of 88958?
2, 19, 2341
List the prime factors of 12513.
3, 43, 97
List the prime factors of 27207880.
2, 5, 7, 97171
What are the prime factors of 316104?
2, 3, 13171
What are the prime factors of 5418484?
2, 151, 8971
What are the prime factors of 2457?
3, 7, 13
What are the prime factors of 1021373?
1021373
List the prime factors of 3931491.
3, 397, 3301
List the prime factors of 10185133.
7, 1455019
List the prime factors of 10744645.
5, 29, 74101
List the prime factors of 10824646.
2, 7, 37, 20897
What are the prime factors of 314831?
11, 28621
List the prime factors of 330220.
2, 5, 11, 19, 79
List the prime factors of 901181.
211, 4271
List the prime factors of 729195.
3, 5, 173, 281
List the prime factors of 10734016.
2, 367, 457
What are the prime factors of 1081889?
53, 137, 149
List the prime factors of 390500.
2, 5, 11, 71
List the prime factors of 1204491.
3, 179, 2243
What are the prime factors of 13109712?
2, 3, 7, 11, 3547
List the prime factors of 361781.
7, 51683
List the prime factors of 14367303.
3, 1596367
List the prime factors of 14103526.
2, 83, 84961
What are the prime factors of 3193544?
2, 37, 10789
List the prime factors of 771761.
19, 151, 269
List the prime factors of 4688780.
2, 5, 23, 10193
What are the prime factors of 14118890?
2, 5, 1411889
What are the prime factors of 331075?
5, 17, 19, 41
What are the prime factors of 9602177?
13, 601, 1229
List the prime factors of 1711055.
5, 342211
List the prime factors of 7308552.
2, 3, 304523
List the prime factors of 1289871.
3, 11, 43, 101
List the prime factors of 122732.
2, 61, 503
List the prime factors of 1095011.
29, 61, 619
List the prime factors of 11973344.
2, 19, 47, 419
List the prime factors of 465460.
2, 5, 17, 37
List the prime factors of 2190895.
5, 7, 62597
What are the prime factors of 128449?
128449
What are the prime factors of 29807?
41, 727
List the prime factors of 36753973.
36753973
List the prime factors of 2097785.
5, 419557
List the prime factors of 12295.
5, 2459
List the prime factors of 212214.
2, 3, 113, 313
What are the prime factors of 2535867?
3, 31307
List the prime factors of 9462075.
3, 5, 7, 67, 269
What are the prime factors of 148440?
2, 3, 5, 1237
What are the prime factors of 310466?
2, 13, 11941
What are the prime factors of 1988171?
89, 251
List the prime factors of 249354.
2, 3, 7, 1979
List the prime factors of 7960473.
3, 884497
List the prime factors of 229806.
2, 3, 17, 751
What are the prime factors of 858623?
858623
List the prime factors of 133694.
2, 11, 59, 103
List the